8, -2*s + 18 = -2*g. Let n be (-2)/2 - 1*2. Let q = n - g. What is the units digit of q?
1
What is the hundreds digit of 6*(-4)/(-12) + (729 - 4)?
7
Let i(p) = 44*p - 202. What is the units digit of i(8)?
0
Suppose -4*t - q - 149 = 107, 0 = -4*t + 3*q - 256. Let i = t - -135. What is the tens digit of i?
7
Suppose 0 = 4*w + 4*h - 1036 - 100, h - 564 = -2*w. What is the units digit of w?
0
Let g(o) = 8*o**2 + 4*o + 3. Let w be g(-4). Suppose 5*t - w = 5. Suppose d - t = -2*h, 4*h + d - 6*d = 48. What is the tens digit of h?
1
Let c(t) = 5*t**2 + 22*t - 10. What is the units digit of c(-13)?
9
Let l(k) = k**3 - 2*k**2 - 14*k - 18. What is the tens digit of l(6)?
4
Suppose 4*g - 5*l + 2*l = -29, 5*l = -2*g - 47. What is the units digit of 2/(-3)*g/(22/75)?
5
Suppose 0 = 54*q - 48*q + 36. What is the tens digit of (q*(-5)/90)/(1/723)?
4
Let q = -111 - -158. Let o = q + -23. What is the units digit of o?
4
Let l = 112 + -110. What is the units digit of l?
2
Let w be ((-396)/8)/9*-2. Let d(a) = -a**3 - a**2 + 1. Let y(i) = 3*i**3 - 9*i**2 + 2*i - 9. Let j(l) = 2*d(l) + y(l). What is the units digit of j(w)?
5
Let x(z) be the third derivative of z**5/60 + 5*z**4/24 + z**3/2 + 7*z**2. Let o be x(-7). Suppose 90 = -o*d + 19*d. What is the units digit of d?
5
Let f(x) be the third derivative of 7*x**4/24 + 17*x**3/6 - 5*x**2. What is the units digit of f(11)?
4
Let u = -2841 - -4638. What is the tens digit of u?
9
Let w be 3 + (3 - 4 - -8). Let m = w + -38. Let k = 40 + m. What is the tens digit of k?
1
Suppose -4*c = 0, -2*u = -0*u + 4*c. Suppose -5*o = 5*p - 575, u = -6*o + 4*o - 4*p + 236. What is the hundreds digit of o?
1
What is the hundreds digit of 60*(2/5 + (-62)/(-20))?
2
Suppose -f = 4*f - 20. Let o = 20 - f. Suppose 39 + o = 5*r. What is the tens digit of r?
1
Let a(f) = f**2 - 27*f + 350. What is the units digit of a(11)?
4
Suppose -5*n + 3*x + 6 = 0, 4*n + 8 = -n - 4*x. Let m be (-1 - n)*(146 - 3). What is the tens digit of (m/39)/(1/(-12))?
4
Suppose x + 2 = -0*g + g, -5*g = -2*x + 2. Let t(z) = -6*z**3 - 4*z**2 + 3*z. Let b be t(x). What is the units digit of (-10)/4*b/(-35)?
2
Suppose 0 = -0*l + 5*l - 2*n - 258, -5*n + 180 = 4*l. Suppose -j - 2*i + l = -7*i, 5*j = 3*i + 228. What is the tens digit of j?
4
Let x(d) = -90*d. Let l be x(-2). Let u = -75 + l. What is the tens digit of u?
0
Suppose 0 = 43*a - 4475 - 3738. What is the tens digit of a?
9
Let m be 4/(-7) + (-44)/(-28). Let p = 38 + m. What is the units digit of p?
9
Let a(b) = -81*b - 352. What is the tens digit of a(-31)?
5
Suppose b - 2*b = 5. Let k(j) = 8*j**2 + 5*j + 9. What is the units digit of k(b)?
4
Suppose 3 = -i, -i + 293 = -v + 1450. What is the tens digit of v?
5
Let j(l) = 276*l**2 - 3*l. What is the hundreds digit of j(1)?
2
Let g = 404 + -241. What is the hundreds digit of -2 + (g - 3) - 5/(-5)?
1
What is the tens digit of (1 - -3)*(875/10 + 2)?
5
Let a be 4/(24/15)*12. Let x = 55 - a. What is the tens digit of x?
2
Let m be ((-288)/(-20))/(9/30). Suppose -5*s - 7 = 3*d + m, -s - 35 = 3*d. Let x = d + 17. What is the units digit of x?
7
Let i(s) = s**3 + s**2 - s. Let x = 4 - 0. Let a be i(x). Suppose 0 + a = 4*g. What is the units digit of g?
9
Suppose -4*q + 3*q = -4*m + 17, 47 = -5*q + m. Let x(p) = 2*p**2 + 17*p + 6. What is the tens digit of x(q)?
1
Suppose -5*t + 25 = 0, -2*c - 2*t + 4*t - 2 = 0. Suppose -y - c*o = 2*y - 521, 0 = -3*y + 5*o + 503. What is the units digit of y?
1
Let m(u) = -3*u**3 + 72*u**2 - 3*u - 28. What is the hundreds digit of m(21)?
8
Suppose -4*q - q - 5*g = -15, 0 = 5*q + g - 27. Suppose o - q*o + 10 = 0. What is the units digit of o?
2
Suppose 2*g - 510 = 3*p + 523, 4*g + 5*p = 2121. What is the hundreds digit of g?
5
Let x(f) = -f - 5. Suppose 24 = -5*z - 4*m, 10 = -5*z + 5*m - 5. Let i be x(z). Let s(b) = -22*b - 1. What is the tens digit of s(i)?
2
Let k = 3923 + -751. What is the tens digit of k?
7
Suppose -32 = 4*n - b, 0 = -0*b + 2*b - 8. What is the units digit of 6 + -2 + (n - -61)?
8
Let l(f) = 4*f**2 - 5*f - 68. What is the units digit of l(12)?
8
Suppose -2*l + 12 = -2*a - 4*l, 15 = 5*l. Let q(v) = -3*v + 21. What is the tens digit of q(a)?
4
Suppose 67*a + 2*w = 65*a + 1368, 2*a - 3*w - 1343 = 0. What is the hundreds digit of a?
6
Suppose -l - 1 = 5*h, 0*h = 2*h + 5*l - 18. Suppose -1 = 3*p + 2. What is the units digit of p/1*h*1?
1
Let q be (1 - (7 + 1)) + 2. Let g(o) = 0*o + 94 - 5*o - 90. What is the units digit of g(q)?
9
Suppose -43*t + 1168 = -41*t. What is the tens digit of t?
8
Let o(h) = 2*h**2 - 5*h + 74. What is the tens digit of o(0)?
7
Let z be 2/(19/6 - 3). Let r(h) = 2*h**2 - 19*h + 7. What is the tens digit of r(z)?
6
Suppose 2*y = -5*n + 1508 + 2967, -2686 = -3*n - y. What is the tens digit of n?
9
Let s = -4486 + 9813. What is the tens digit of s?
2
Suppose 33 = 2*j + 5. Let n = -17 - -37. Let l = j + n. What is the units digit of l?
4
Suppose 17*n - 36155 + 12712 = 0. What is the units digit of n?
9
Suppose -6790 - 9860 = -9*q. What is the thousands digit of q?
1
Suppose -4*v + 3 = 7. Let p be (-26 - -2)/(-1) - v. Suppose 5*q - p = 95. What is the tens digit of q?
2
Let k = -55 - -26. Let q = k - -49. Let u = q + 6. What is the units digit of u?
6
Let r = 13 + -10. Suppose -2*t = -3*t - r. Let i(j) = -j**2 - 5*j - 2. What is the units digit of i(t)?
4
What is the hundreds digit of -5 - -762 - (-12)/3?
7
Let g = 32 + -29. Suppose 0*z = g*z - 114. What is the tens digit of z?
3
Let l be (-202)/(-16) + 186/496. Let m(x) = -x**2 + 18*x + 2. Let v(u) = -u. Let a(p) = m(p) + 3*v(p). What is the units digit of a(l)?
8
Suppose 3*k - 9245 = 2*v, -2*k + 5*v + 8410 = 2265. What is the units digit of k?
5
Suppose 0 = -6*h + 5*h. Suppose -x - 3 + 7 = h. What is the units digit of x?
4
Let m(a) = 379*a**3 - a + 1. What is the tens digit of m(1)?
7
Suppose -3*w - 4*p + 2593 = 0, -3*w = 2*w + 3*p - 4318. What is the units digit of w?
3
Let g be (-2)/4 + 679/14. What is the tens digit of 32/g + (-142)/(-3)?
4
Let o(c) = c**2 + 13*c - 10. Let m be o(-14). Suppose -i + 181 = -m*u + 2*i, -i + 229 = -5*u. Let d = u - -67. What is the tens digit of d?
2
Let m be 1*(1 - (-1 + 39)). Let c = m - -55. What is the units digit of 2 + -2 - c/(-2)?
9
Let z(p) = 2*p + 10. Let k be z(-5). Let n be (k + -1 + -3)/(-1). Suppose -n*a = -7*a + 2*u + 44, 0 = a + 5*u + 8. What is the units digit of a?
2
Let t be (3/(-4))/((-48)/320). Suppose h - 5*f + 111 = 0, -t*h - 4*f = 439 - 0. Let y = -49 - h. What is the units digit of y?
2
Let x = -3 - -7. Let o be (1/x)/(1/4). What is the units digit of o - 1 - 12/(-4)?
3
What is the units digit of (-1256 + -13 - -14)*6/(-5)?
6
Suppose 4*k + 1371 = 9*k + 3*a, -4*a + 827 = 3*k. What is the units digit of k?
3
What is the units digit of 5/((-50)/4230*-3)?
1
Suppose -2 + 5 = -2*s - a, -9 = 4*s + 3*a. Suppose s = h - 2*u - 297, -h - u + 863 = 2*h. What is the units digit of h?
9
Let z be 4 - 2 - (-2 - 0). Let x(y) = 3*y**2 + 15*y - 4. Let g(t) = -5*t**2 - 16*t + 4. Let r(m) = 2*g(m) + 3*x(m). What is the tens digit of r(z)?
3
Let n(h) = -h - 11. Let c be n(-13). Suppose -9*y + c*y + 294 = 0. What is the units digit of y?
2
Suppose 0 = -4*a + 36 + 40. Let j = 21 - a. Suppose j*b + 62 = 4*b. What is the units digit of b?
1
Suppose 0 = 4*l - 22 + 2. Suppose 4*j - 2*t - 269 = -7*t, -l*j = -2*t - 328. What is the tens digit of j?
6
Let j be 1*2 - ((4 - 5) + -12). Suppose 3*l - j = 0, -2*l + 4*l = i + 9. What is the units digit of i?
1
Suppose 2*z - 5*j = 6*z + 30, 4*z - 3*j + 46 = 0. Suppose -8*q + 79 = -65. Let c = q + z. What is the units digit of c?
8
Suppose -y + 12 + 70 = 0. Let s = y + -53. What is the tens digit of s?
2
Let h be (-2)/(5/10*-4). What is the tens digit of (24/32)/(h/92)?
6
Let g(q) = q**3 + 21*q**2 + 9*q + 23. What is the tens digit of g(-14)?
6
Suppose 0*b - 2*b + 688 = 0. What is the hundreds digit of b?
3
Let p(w) = 4*w**2 + 23*w + 21. Let x be p(-27). What is the tens digit of x/18 + 2/6?
2
Let x = 193 - -341. What is the tens digit of x?
3
Let o be 2/6 - 114/18. Let u(y) = 12 - y**3 - 2*y - 26 - 6*y**2 + 5. What is the units digit of u(o)?
3
Suppose -2141*s + 2140*s = -2466. What is the hundreds digit of s?
4
Let b be 5 - (1 + -1 - 1). Suppose 13 = -2*c + d, -b*d = 5*c - 2*d